 of y(z)?
4
What is the units digit of -20640*(11 - (-767)/(-65))?
2
Suppose -17*d + 713284 = -6*d + 15*d. What is the ten thousands digit of d?
2
Let p be (3/(-6) - 65/(-10))*-1. Let o be (-38)/(-12) + 1/p. Suppose -3*m - 4*j = -153, m + o*j - 51 = -0*j. What is the tens digit of m?
5
Suppose 11*b - 6*b = 1005. Let o = -424 + 291. Let u = b + o. What is the tens digit of u?
6
Suppose 9*d = 116 + 73. Suppose -d = -p + 399. What is the hundreds digit of p?
4
Let s(q) = q**3 - 3*q**2 - q - 4. Let p be s(4). Let k(y) = -2*y**3 + 6*y - 8*y**2 + 1 + 6*y**3 - 3*y**3 + 0*y**2. What is the tens digit of k(p)?
4
Suppose 0 = -4*i - 4*p + 80400, 7*i - 6*i - p - 20100 = 0. What is the hundreds digit of i?
1
Suppose r = -5*d + 4*r + 3, -3*r = d - 15. What is the hundreds digit of d - 6 - 2 - (-2 - 597)?
5
Let a be (-10)/(-4)*(0 - 12/10). What is the units digit of a/(-1 - 144/(-150))?
5
Let o be -3 + (-5 - -5) + 36. Suppose -o*c + 29*c = 2056. Let k = c + 766. What is the tens digit of k?
5
Suppose -b + 165 = -122. Let z = -135 + b. What is the tens digit of z?
5
Suppose 0*j - 3*j = 15. Let m(s) = -23*s + 404. Let b be m(23). What is the units digit of b/j - (-3 - 1)?
9
Let d be 2*(1220/(-5))/2. Let h be d/(-8) + (-3)/(-6). Let i = h + 4. What is the tens digit of i?
3
Let h(m) = 43*m - 151. Let y be h(9). Suppose 2*v = 2*s + 44 - y, -3*s - 2*v + 278 = 0. What is the units digit of s?
4
Let a(u) = -5*u**3 - 3*u**2 - 8*u - 6. Let y(x) = 11*x**3 + 5*x**2 + 18*x + 13. Let g(l) = 7*a(l) + 3*y(l). Let i = -10 + 4. What is the tens digit of g(i)?
2
Suppose 3*b + 3*w = 0, -2*b - w + 4 = b. Suppose -b*j - 2*d = -784, 4*j - j = 3*d + 1170. What is the units digit of j?
1
Suppose -21*x = -738718 - 81143. What is the ten thousands digit of x?
3
Suppose 3*i + 4597 = 2*y - 3553, 4*y - 10860 = 4*i. Let g = i + 3862. What is the tens digit of g?
4
What is the thousands digit of 96/(-36)*(-15608)/(-24)*-9?
5
Let o = -45321 - -81623. What is the hundreds digit of o?
3
What is the units digit of (28956/(-304))/(-2 - (-938)/472)?
3
Let i = 514 + 6931. What is the units digit of i?
5
What is the hundreds digit of (-32)/(-12)*(-4626)/8*169/(-78)?
3
Suppose 5*w + 18840 = 5*o, -8*o + 13*o + 4*w - 18804 = 0. What is the hundreds digit of o?
7
Let z(y) be the first derivative of -3 + 1 + 1121*y**2 - 1099*y**2 + 3 - 10*y. What is the tens digit of z(2)?
7
Let o(f) = -62*f**2 + 5*f. Let p be o(2). Let x = 351 + p. What is the hundreds digit of x?
1
Let i be (-5)/((-30)/12) - 483. Let z = -288 - i. What is the tens digit of z?
9
Let v(l) = 72*l + 2. Let w be v(-5). Let i = 2868 - 2863. What is the tens digit of w*3/(-6) - i?
7
Let c(x) = 70 + 40 + 58 - 52*x + x**2. What is the units digit of c(54)?
6
Let r(n) = -10196*n + 99. What is the thousands digit of r(-3)?
0
Suppose -54 = -4*h - 46. Suppose -h*v + 3*v + 854 = 2*o, 0 = o - 2*v - 433. What is the hundreds digit of o?
4
Let o(m) = 5532*m**3 - 6*m**2 + 8*m - 8. What is the thousands digit of o(2)?
4
Suppose -2*j + 59 = -4*h + 177, -h + 32 = -j. Let s(l) = 9*l + 16. What is the units digit of s(h)?
9
What is the thousands digit of (0 - -2) + (-53 - -17 - -34219)?
4
Suppose -25 + 377 = 8*m. Suppose 4*l - 3*y - y = 176, 2*y + m = l. What is the tens digit of l?
4
Let d(l) = l**2 + 21*l - 1. Let u be d(-22). What is the tens digit of -17 + u - (-1 - 174)?
7
Let l(a) = -9*a**2 + 57*a + 4. Let r(p) = -p + 2. Let b(d) = -l(d) + 5*r(d). What is the hundreds digit of b(14)?
9
Let w(u) = u**3 - 6*u**2 + 11*u - 8. Suppose -z - 18 = -3*z. What is the hundreds digit of w(z)?
3
Suppose -6*w = 12, 0 = -g + 3*w + 35513 - 4228. What is the ten thousands digit of g?
3
Let h(v) be the third derivative of v**5/60 + v**4/6 - v**3/2 - 11*v**2. Let x be h(-7). What is the hundreds digit of ((-81)/x)/((-3)/100)?
1
Let h be (-2)/(-8) + 275/20 + -9. Suppose 15*s + h*n = 17*s - 1305, -5*s + 4*n = -3237. What is the hundreds digit of s?
6
Suppose 4*i + 282 = -2*i. Let n = -50 - i. What is the tens digit of ((-69)/(-46))/(n/(-82))?
4
Suppose 5*r = m - 11 + 43, -5*m - 6 = -3*r. Let y(x) = 23*x + 70. What is the hundreds digit of y(r)?
2
Let x = -463 - -260. Let l = 326 + x. What is the tens digit of l?
2
Let g be 4*5/40*4. Suppose 4*n + 5*j - 46 = -0*j, 4 = g*j. Suppose -n*m - 6*m = -75. What is the units digit of m?
5
Let j(d) = 709*d + 1270. What is the tens digit of j(29)?
3
Let x(k) = -k**2 - 20*k + 27. Let r be x(-21). Suppose 302 = -r*v - 184. Let c = v + 156. What is the tens digit of c?
7
Let l(d) = 321*d - 384. What is the thousands digit of l(8)?
2
Let r = 44 - 42. Suppose -16*o - 698 = -h - 19*o, -5*h + 3425 = r*o. What is the tens digit of h?
8
Suppose 5*g - 8919 = -3*v, -v - 322 = -3*g - 3323. What is the units digit of v?
3
Let o(r) = 4*r + 1. Let y(b) = -15*b - 126. Let q(w) = -4*o(w) + y(w). What is the units digit of q(-27)?
7
Let n = -77 - -81. Suppose -13 = -n*o + 3. Suppose 0 = w + o*r - 2*r - 164, -2*w + 324 = 5*r. What is the tens digit of w?
7
Suppose 92 = -4*c + 3*g, -13*c + 14*c = -3*g - 8. What is the tens digit of 977 + -8*((-5)/c - 0)?
7
Let t = -273 + 267. What is the units digit of (t + 40/6)*129?
6
Let t(b) = -2336*b - 223. What is the hundreds digit of t(-3)?
7
Let l = 1797 + -2228. Suppose 4*g - 1843 = 3*d + 2*g, g - 5 = 0. Let a = l - d. What is the hundreds digit of a?
1
What is the units digit of (-11 - -15) + 322/4*29640/182?
4
Let r(k) = 2*k**2 - 102*k - 27. What is the ten thousands digit of r(-80)?
2
Suppose -4398*d + 4404*d = 23376. What is the tens digit of d?
9
Let b be (-2)/27*3 - 2/(-9). Suppose -2*a - 2*v + 500 = -4*v, b = -3*a - 3*v + 738. What is the units digit of a?
8
Suppose -2*i + 2 = -2*z, 3*z + 3 = 4*z + 3*i. Suppose 5*p = 4*o - 19 + 3, -4*p - 3*o + 12 = z. What is the units digit of 2/(p - -1 - (-4)/(-6))?
6
Let q be 5 + -2 + ((-120)/(-12) - -1898). Suppose 5*c + 4*l = 1699 + q, c - 722 = -2*l. What is the units digit of c?
2
Suppose 26*w - 227638 + 11994 = 0. What is the thousands digit of w?
8
Suppose 5*x = -k - 2*k + 133, -k = -3*x - 49. Let w = k - 44. Suppose 2*s - 280 = -w*s. What is the units digit of s?
0
Suppose -47971 = -335*h + 333*h - 5593. What is the hundreds digit of h?
1
Suppose 0 = -j + 27*j - 224067 - 1446771. What is the hundreds digit of j?
2
Let s(n) = 515*n + 5847. What is the units digit of s(85)?
2
Suppose 5*f + 10 = 0, -j - 98 = 2*j + 4*f. Let k be (j/9)/(8/(-12)). Suppose -5*x = 4*p - 299, 2*x - 106 = -0*x - k*p. What is the units digit of x?
3
Suppose -56196 = -8*x + 7*x - 3*t, 5*x = 3*t + 280836. What is the tens digit of x?
7
Suppose 5*r = 9*u - 12*u + 5005, -4*u = -3*r - 6625. What is the hundreds digit of u?
6
Let c be (1/1)/(8 + (-138)/18). Suppose 4*q + c*n + 15 = 0, -3*n - n - 20 = -q. Suppose q*i + 19 = i. What is the tens digit of i?
1
Let n(u) = 268*u**2 - 336*u - 675. What is the thousands digit of n(-2)?
1
Let q(y) = -y**3 + 10*y**2 - 6*y - 21. Let w = 80 - 71. What is the units digit of q(w)?
6
Suppose -4*a - 46 = 2*o, 0*a - a = -3*o - 69. What is the units digit of o/(1012/(-6504)) + (-4)/(-22)?
8
Let t(g) = 2*g**3 - 28*g**2 - 37*g - 334. What is the hundreds digit of t(23)?
3
Let f be (6027/98)/((2/(-92))/(-1)). Let l = -1584 + f. What is the units digit of l?
5
Let w(q) = 4*q + 68. Let v be w(-14). Suppose 7*j - 4*p = v*j - 1610, 0 = -5*j - 2*p + 1600. What is the hundreds digit of j?
3
Let d(o) = -o**2 + 20*o + 46. Let j be d(24). Let k = j - -52. Suppose 0*f = -3*f + k*c + 230, c + 78 = f. What is the units digit of f?
4
Let n(b) be the third derivative of -b**5/60 + b**4/3 - 2*b**3 + 6*b**2. Let i be n(5). Suppose 353 = i*u + 65. What is the units digit of u?
6
Suppose 10*j = -4*j + 147854 + 35518. What is the ten thousands digit of j?
1
Suppose -13*k - 34 = 707. What is the hundreds digit of (-4 + (2 - 0))/(k/5757)?
2
Suppose 5*l = -4*s - 0 - 5, l - 2*s + 15 = 0. Let h = l - -10. Suppose d - 198 = -h*c, -c + 5*d - d + 48 = 0. What is the tens digit of c?
4
Let g be 12180/120*(-120)/(-7). Let f = -741 + g. What is the tens digit of f?
9
Suppose -13*t + 13 = -13. What is the tens digit of ((t + -3)*10)/((-16)/24)?
1
Suppose 0 = -r - 3*w - 4860, 24240 = 2*r - 7*r - 3*w. What is the units digit of (-10 - r/(-10))/((-2)/4)?
9
Let p(j) = 306*j - 811. What is th